of 35264400.
2, 3, 5, 29387
What are the prime factors of 13494477?
3, 1117, 4027
What are the prime factors of 61106?
2, 30553
What are the prime factors of 1993225?
5, 13, 6133
What are the prime factors of 2183837?
17, 128461
List the prime factors of 4319542.
2, 2159771
List the prime factors of 546132.
2, 3, 71, 641
List the prime factors of 10208658.
2, 3, 401, 4243
List the prime factors of 233065.
5, 7, 6659
List the prime factors of 18754720.
2, 5, 251, 467
List the prime factors of 935402.
2, 13, 35977
List the prime factors of 3653608.
2, 7, 53, 1231
List the prime factors of 310999.
13, 47, 509
What are the prime factors of 294282?
2, 3, 16349
What are the prime factors of 981955?
5, 13, 15107
What are the prime factors of 825086?
2, 61, 6763
List the prime factors of 1271838.
2, 3, 17, 37, 337
List the prime factors of 13635805.
5, 229, 11909
What are the prime factors of 606100?
2, 5, 11, 19, 29
What are the prime factors of 10872211?
7, 1553173
What are the prime factors of 9161257?
7, 593, 2207
List the prime factors of 1642360.
2, 5, 19, 2161
What are the prime factors of 134271?
3, 4973
What are the prime factors of 4917620?
2, 5, 245881
What are the prime factors of 805939?
29, 27791
What are the prime factors of 372514?
2, 19, 9803
List the prime factors of 7944395.
5, 1588879
What are the prime factors of 814743?
3, 90527
List the prime factors of 225939.
3, 7, 29, 53
List the prime factors of 489265.
5, 7, 1997
What are the prime factors of 1753136?
2, 7, 11, 1423
What are the prime factors of 3108952?
2, 7, 11, 103
List the prime factors of 229029.
3, 76343
List the prime factors of 2409319.
11, 23, 89, 107
List the prime factors of 264846.
2, 3, 37, 1193
What are the prime factors of 126875?
5, 7, 29
What are the prime factors of 2486899?
1097, 2267
List the prime factors of 460078.
2, 461, 499
List the prime factors of 1515888.
2, 3, 11, 29
What are the prime factors of 14963524?
2, 23, 41, 3967
What are the prime factors of 5143830?
2, 3, 5, 31, 5531
List the prime factors of 3177360.
2, 3, 5, 1471
List the prime factors of 5023394.
2, 2511697
List the prime factors of 18395352.
2, 3, 239, 1069
List the prime factors of 405744.
2, 3, 79, 107
What are the prime factors of 736906?
2, 368453
What are the prime factors of 216892?
2, 13, 43, 97
List the prime factors of 429010.
2, 5, 42901
What are the prime factors of 6682247?
11, 13, 83, 563
List the prime factors of 173420.
2, 5, 13, 23, 29
What are the prime factors of 425141?
43, 9887
List the prime factors of 295735.
5, 11, 19, 283
What are the prime factors of 351433?
457, 769
List the prime factors of 623194.
2, 11, 13, 2179
What are the prime factors of 10103660?
2, 5, 7, 72169
List the prime factors of 10661907.
3, 17, 19, 11003
What are the prime factors of 3488342?
2, 11, 13, 12197
List the prime factors of 21459188.
2, 29, 184993
List the prime factors of 11766640.
2, 5, 147083
What are the prime factors of 167494?
2, 83, 1009
List the prime factors of 25404795.
3, 5, 13, 43427
List the prime factors of 130164.
2, 3, 10847
What are the prime factors of 319283?
139, 2297
List the prime factors of 1891655.
5, 79, 4789
What are the prime factors of 118826?
2, 19, 53, 59
List the prime factors of 3350496.
2, 3, 17, 2053
List the prime factors of 165978.
2, 3, 9221
List the prime factors of 1216221.
3, 405407
List the prime factors of 64669.
11, 5879
What are the prime factors of 1029414?
2, 3, 37, 4637
What are the prime factors of 6253100?
2, 5, 7, 8933
List the prime factors of 10746147.
3, 223, 16063
What are the prime factors of 505582?
2, 7, 11, 67
List the prime factors of 24794513.
31, 53, 15091
List the prime factors of 10348674.
2, 3, 7, 53, 4649
List the prime factors of 524515.
5, 23, 4561
List the prime factors of 970709.
293, 3313
List the prime factors of 53728.
2, 23, 73
What are the prime factors of 762738?
2, 3, 127123
What are the prime factors of 1160705?
5, 7, 13, 2551
What are the prime factors of 6470231?
6470231
What are the prime factors of 1597331?
1597331
List the prime factors of 1381961.
7, 197423
What are the prime factors of 765868?
2, 191467
List the prime factors of 54084.
2, 3, 4507
What are the prime factors of 1121254?
2, 211, 2657
List the prime factors of 1803686.
2, 251, 3593
List the prime factors of 98856.
2, 3, 1373
List the prime factors of 626214.
2, 3, 104369
What are the prime factors of 13562334?
2, 3, 753463
List the prime factors of 328985.
5, 19, 3463
What are the prime factors of 3589541?
23, 239, 653
List the prime factors of 10191660.
2, 3, 5, 59, 2879
What are the prime factors of 49978?
2, 24989
What are the prime factors of 1116129?
3, 7, 53149
List the prime factors of 283839.
3, 94613
List the prime factors of 3180180.
2, 3, 5, 53003
What are the prime factors of 81067?
7, 37, 313
What are the prime factors of 20775349?
7, 223, 13309
What are the prime factors of 4241642?
2, 563, 3767
List the prime factors of 55206.
2, 3, 3067
What are the prime factors of 2962108?
2, 740527
What are the prime factors of 3938449?
3938449
What are the prime factors of 709514?
2, 13, 29, 941
What are the prime factors of 116991?
3, 7, 619
What are the prime factors of 258077?
17, 19, 47
What are the prime factors of 304954?
2, 13, 37, 317
What are the prime factors of 58629?
3, 19543
List the prime factors of 3021642.
2, 3, 13, 37, 349
List the prime factors of 448317.
3, 109, 457
List the prime factors of 93552.
2, 3, 1949
List the prime factors of 241810.
2, 5, 24181
List the prime factors of 18101352.
2, 3, 754223
What are the prime factors of 419024?
2, 26189
What are the prime factors of 294407?
31, 9497
What are the prime factors of 2165222?
2, 17, 43, 1481
What are the prime factors of 315969?
3, 105323
What are the prime factors of 530825?
5, 17, 1249
What are the prime factors of 155839?
17, 89, 103
List the prime factors of 2898498.
2, 3, 101, 4783
What are the prime factors of 4482246?
2, 3, 719, 1039
What are the prime factors of 2447659?
41, 59699
List the prime factors of 3586400.
2, 5, 4483
What are the prime factors of 18437?
103, 179
What are the prime factors of 1940203?
43, 45121
What are the prime factors of 53256?
2, 3, 7, 317
What are the prime factors of 711454?
2, 127, 2801
List the prime factors of 778110.
2, 3, 5, 37, 701
What are the prime factors of 5023541?
239, 21019
What are the prime factors of 22090748?
2, 179, 30853
What are the prime factors of 20528194?
2, 10264097
List the prime factors of 103760.
2, 5, 1297
List the prime factors of 951422.
2, 17, 27983
What are the prime factors of 1109377?
59, 18803
What are the prime factors of 267059?
13, 20543
List the prime factors of 3376345.
5, 7, 13781
What are the prime factors of 6113165?
5, 1222633
What are the prime factors of 12173430?
2, 3, 5, 405781
What are the prime factors of 13964071?
11, 1269461
List the prime factors of 1030666.
2, 7, 13, 809
What are the prime factors of 22960711?
127, 180793
List the prime factors of 1897863.
3, 11, 17, 199
List the prime factors of 13939724.
2, 3484931
What are the prime factors of 7731295?
5, 11, 13, 983
List the prime factors of 335699.
7, 13, 17, 31
What are the prime factors of 110691?
3, 7, 251
List the prime factors of 881036.
2, 13, 16943
What are the prime factors of 343566?
2, 3, 19087
List the prime factors of 461139.
3, 7, 3137
What are the prime factors of 82668?
2, 3, 83
List the prime factors of 87919.
13, 6763
What are the prime factors of 115694?
2, 57847
What are the prime factors of 24251954?
2, 12125977
What are the prime factors of 441880?
2, 5, 11047
What are the prime factors of 249276?
2, 3, 20773
List the prime factors of 298450.
2, 5, 47, 127
List the prime factors of 351434.
2, 199, 883
List the prime factors of 76336.
2, 13, 367
What are the prime factors of 179992?
2, 149, 151
List the prime factors of 23709701.
19, 1247879
List the prime factors of 368144.
2, 7, 19, 173
List the prime factors of 57360.
2, 3, 5, 239
What are the prime factors of 2184685?
5, 41, 10657
What are the prime factors of 6498613?
11, 601, 983
What are the prime factors of 828283?
97, 8539
What are the prime factors of 13237244?
2, 61, 54251
List the prime factors of 856740.
2, 3, 5, 109, 1